number?
False
Is 29513001779 prime?
False
Is 169400633 composite?
True
Is 2133599827 composite?
True
Is 2239048477 a prime number?
True
Is 12507601222 a composite number?
True
Is 77263169 a composite number?
False
Is 31159501 composite?
False
Is 30670787819 composite?
True
Is 913605713 a composite number?
False
Is 709463593 a prime number?
True
Is 230083463 a prime number?
True
Is 32963815241 a prime number?
False
Is 3770477537 composite?
False
Is 16816789133 a composite number?
False
Is 1392337501 prime?
True
Is 47311291997 composite?
False
Is 2919720319 prime?
False
Is 295564889 prime?
True
Is 6760210783 prime?
True
Is 468919303 a prime number?
False
Is 799364935 a prime number?
False
Is 6508785571 prime?
False
Is 763053163 prime?
False
Is 135137087 composite?
True
Is 36443623847 composite?
False
Is 7332833917 prime?
True
Is 22356191761 prime?
False
Is 3447283407 composite?
True
Is 5073076273 prime?
False
Is 45529524239 composite?
False
Is 1314805693 prime?
False
Is 61133864213 a prime number?
True
Is 2922167 composite?
False
Is 451612643 a prime number?
True
Is 3284924417 a composite number?
True
Is 4091701981 a prime number?
True
Is 610506427 a composite number?
False
Is 257175883 prime?
True
Is 15697557077 a composite number?
False
Is 2885636714 a composite number?
True
Is 174206863 prime?
False
Is 84134857973 composite?
True
Is 173678669 a composite number?
True
Is 4103823881 a prime number?
True
Is 682089887 prime?
True
Is 270882133 prime?
True
Is 189647431 a prime number?
False
Is 5879823133 prime?
False
Is 2745308149 a composite number?
False
Is 2927060879 a prime number?
True
Is 1702480511 composite?
True
Is 119967215717 composite?
True
Is 552526133 composite?
True
Is 2447868761 prime?
False
Is 15638953987 a prime number?
True
Is 14473323299 composite?
False
Is 45817318847 prime?
True
Is 140704005191 prime?
False
Is 2627151047 prime?
True
Is 7929559 prime?
False
Is 421079929 a prime number?
False
Is 51536298407 prime?
False
Is 2883062957 a prime number?
True
Is 41154342277 a composite number?
True
Is 3410026933 a composite number?
False
Is 6796285537 a prime number?
False
Is 3564220207 composite?
False
Is 20009532553 a prime number?
True
Is 1677155413 prime?
False
Is 12568342819 a prime number?
True
Is 1502698451 a composite number?
False
Is 1482286459 a prime number?
False
Is 532394371 prime?
True
Is 354928877 composite?
True
Is 118192229767 composite?
False
Is 53077617287 a composite number?
False
Is 39812557 a composite number?
True
Is 479849087677 prime?
True
Is 23186302301 prime?
True
Is 617623201 a composite number?
True
Is 10663695709 prime?
True
Is 38332876397 a composite number?
True
Is 5229362449 a composite number?
True
Is 957524941 a prime number?
True
Is 10000106551 composite?
False
Is 2034570253 a prime number?
True
Is 2031338107 prime?
True
Is 551420939 composite?
False
Is 205602421 prime?
True
Is 1273658879 prime?
False
Is 2752526291 composite?
False
Is 39530643967 a composite number?
False
Is 314891197 composite?
True
Is 131858101763 composite?
False
Is 1709097242 prime?
False
Is 1796771167 a composite number?
True
Is 17199421691 prime?
True
Is 190285241 composite?
False
Is 68285058029 composite?
False
Is 7960242169 composite?
True
Is 661132943 prime?
True
Is 202988834239 a composite number?
False
Is 253916489 composite?
True
Is 6993575681 composite?
False
Is 982746371 composite?
False
Is 62139751 a composite number?
False
Is 7018519493 a prime number?
False
Is 202095859 prime?
False
Is 1446073831 a prime number?
False
Is 4898772569 composite?
False
Is 64324321067 composite?
False
Is 4036372427 prime?
True
Is 924541837 a prime number?
False
Is 181929334139 a composite number?
True
Is 20728020013 composite?
False
Is 477871507 prime?
True
Is 734934121 a composite number?
False
Is 79305337 prime?
False
Is 117818507063 a prime number?
True
Is 36843310769 a composite number?
False
Is 9412589357 prime?
True
Is 143759306687 composite?
False
Is 1672639589 composite?
True
Is 11729199 composite?
True
Is 2507988271 a composite number?
False
Is 1361713127 a composite number?
False
Is 33218356343 a prime number?
True
Is 10232428253 prime?
True
Is 34574975429 a composite number?
False
Is 279759924845 a prime number?
False
Is 4846607017 a composite number?
True
Is 632896399 a composite number?
True
Is 51056868299 a prime number?
False
Is 1075230554 prime?
False
Is 13306645301 a prime number?
True
Is 7310582287 a composite number?
False
Is 145451818 prime?
False
Is 11831292691 a composite number?
False
Is 5261386903 a composite number?
True
Is 2802475787 prime?
False
Is 23668856309 prime?
False
Is 21926423957 composite?
False
Is 628870507 composite?
False
Is 1814772017 a composite number?
False
Is 109760627 a composite number?
False
Is 813123331 a composite number?
True
Is 3299638961 composite?
False
Is 7764734623 composite?
True
Is 11848397849 a composite number?
False
Is 328808447 a prime number?
False
Is 52263412951 a prime number?
False
Is 14523258623 prime?
False
Is 41512700399 prime?
False
Is 129194873 composite?
True
Is 178885687 a prime number?
False
Is 32498265251 a composite number?
True
Is 329971849 a composite number?
False
Is 6364088099 composite?
False
Is 3706806799 prime?
False
Is 32042737469 prime?
False
Is 5897498009 a composite number?
True
Is 4877612629 composite?
True
Is 52926493 composite?
True
Is 15687458597 a composite number?
False
Is 179614577 prime?
False
Is 31523266799 a prime number?
True
Is 30803295137 prime?
False
Is 2019616097 prime?
True
Is 160883172206 a prime number?
False
Is 310120705 composite?
True
Is 739919 a prime number?
False
Is 183902093 prime?
True
Is 17633732893 a composite number?
True
Is 47251943399 a composite number?
False
Is 12976617389 composite?
True
Is 1319210687 a prime number?
False
Is 23113608191 composite?
False
Is 6217091027 composite?
True
Is 110626630867 a composite number?
False
Is 195574499 a prime number?
True
Is 4780384771 a composite number?
False
Is 6534033421 prime?
True
Is 7890512131 composite?
True
Is 127666409503 prime?
True
Is 214549452517 a prime number?
True
Is 62429511211 a prime number?
False
Is 107557761121 prime?
True
Is 1983542969 composite?
True
Is 20103001957 composite?
True
Is 51038404151 prime?
False
Is 453489319 a prime number?
False
Is 8216243603 a prime number?
True
Is 775885583 prime?
False
Is 219522851 composite?
False
Is 9901284359 a composite number?
False
Is 7884205723 prime?
True
Is 86672621173 prime?
False
Is 390127441391 a prime number?
False
Is 421104587 prime?
True
Is 40853527639 prime?
True
Is 31618367953 a composite number?
True
Is 998853377 a prime number?
False
Is 9044145911 prime?
False
Is 47044544957 a composite number?
True
Is 42320479321 prime?
False
Is 318891337 prime?
False
Is 25601641031 prime?
False
Is 3569387147 a prime number?
False
Is 20333041567 composite?
True
Is 2714202697 a composite number?
True
Is 643988294 composite?
True
Is 146859091 a prime number?
True
Is 5768439511 prime?
True
Is 387808439 a composite number?
False
Is 11866843 composite?
False
Is 1476004963 a composite number?
False
Is 334602119 a prime number?
False
Is 241039997 prime?
False
Is 59535914993 prime?
False
Is 2565028639 a prime number?
True
Is 117621225763 composite?
False
Is 1192011451 a prime number?
True
Is 772790069 a prime number?
True
Is 23470100777 composite?
False
Is 41144821607 composite?
True
Is 7791197807 prime?
True
Is 83166403919 a composite number?
True
Is 34577416117 prime?
True
Is 325309608829 prime?
True
Is 11381921465 a composite number?
True
Is 196557428227 prime?
False
Is 9183113851 a composite number?
True
Is 3943765663 composite?
False
Is 1229471219 composite?
True
Is 9122954663 a prime number?
False
Is 113322031 composite?
False
Is 3284513029 composite?
True
Is 104359588343 a prime number?
True
Is 2514018641 a composite number?
False
Is 226028069 prime?
True
Is 406301443 prime?
True
Is 60619004207 composite?
False
Is 895091521 a prime number?
True
Is 5444530867 a composite number?
False
Is 1868426309 a composite number?
False
Is 94360527871 a prime number?
True
Is 12946441799 prime?
True
Is 31950663677 a prime number?
True
Is 44688493907 a prime number?
False
Is 95411531363 a prime number?
True
Is 1143896519 composite?
Fals